. What is the units digit of r?
3
Suppose 472 = 7*y - 3*y. Let j = y - -70. What is the units digit of j?
8
Let q(k) = -k**3 - 72*k**2 + 117*k + 1323. What is the hundreds digit of q(-84)?
1
Let u(i) = -7*i + 154. Let r be u(22). Suppose r = 9*n - 1302 - 1641. What is the tens digit of n?
2
Let w = 3831 - 5971. Let s = w + 3361. What is the units digit of s?
1
Let f(o) = -o - 10. Let g be f(-14). Suppose 4*h + g*n = 2752, 5*n = -4 - 11. What is the tens digit of h?
9
Let t(d) = -d**3 - 8*d**2 - 11*d - 12. Let u be t(-7). Let z(j) = -8 - 10*j - u*j + 20*j + 24*j**2. What is the units digit of z(-2)?
0
Let p = -47 + 51. Let s(t) = -t**3 + 6*t**2 - 2*t - 8. Let z be s(p). What is the tens digit of ((-28)/(-7) - z)/(6/(-68))?
3
Let k be (3 - 0)/3*-1. Let h(v) = -121*v - 2. Let w be h(k). Let u = w + 10. What is the tens digit of u?
2
Suppose 15*l + 5*l = 46080. Suppose l = 3*t + 11*q - 12*q, 2*t - 1536 = 3*q. What is the tens digit of t?
6
Let w = -28 + 28. Suppose -u + 91 + 68 = w. Suppose -u - 9 = -8*v. What is the tens digit of v?
2
Let q(a) = -a + 1. Let v be q(9). Let c be ((-64)/v)/((-2)/(-1)). Suppose c*z - 4 = 4. What is the units digit of z?
2
Suppose 0 = -3469*y + 3466*y + 25008. What is the tens digit of y?
3
Let m(w) = 1590*w + 5. Let t be m(1). What is the hundreds digit of t/10*((-12)/(-3) - 2)?
3
Suppose 0 = 10*u + 55 - 145. Suppose u*n - 6540 = -3*n. What is the tens digit of n?
4
What is the units digit of 3/(-7) - (-2)/((308/77944)/11)?
7
Suppose 8*v - 237 - 243 = 0. What is the units digit of -665*(v/375)/(2/(-10))?
2
Suppose o + 37 = -42. Let q = o - -77. What is the hundreds digit of 5/(10/229) + 1/q?
1
Suppose 12*a - 6*a - 89874 = 0. What is the thousands digit of a?
4
What is the thousands digit of (-2445769)/(-36) + 160/(-5760)?
7
Suppose 92227 + 220757 = 24*b. What is the units digit of b?
1
Let c = -64 - -64. Suppose k + d + 2 = c, 3*k - 2*k - 10 = 5*d. Suppose 2*g - 216 = 4*u - k*u, -1 = u. What is the tens digit of g?
0
Suppose 0 = -2*r - 25 - 23. Let v = r - -45. Suppose v*n + 160 = 26*n. What is the units digit of n?
2
Suppose 0 = -2*g - 5*u + 7094, -2*g + 0*u = 3*u - 7090. Suppose -g = -5*q + 3*m, -3*q + 2*m + 1017 = -1109. What is the tens digit of q?
0
Let b be -3 - (-4)/(8/(-102)). Let g = b + 135. Let j = 135 - g. What is the tens digit of j?
5
Let w(k) be the second derivative of k**4/4 + 5*k**3/3 - 13*k**2/2 + 115*k. What is the hundreds digit of w(-16)?
5
Let l(j) = 54*j + 11*j**2 - 16 - j**3 - 10*j**2 - 16*j + 15*j**2. What is the units digit of l(17)?
1
Let a(v) = 2*v**2 + 6*v**3 + 0 + 6*v**3 + 2 + 4*v + 8. What is the tens digit of a(5)?
8
Suppose 3*k - 26570 - 20493 = -5*m, -5*k - 5*m = -78415. What is the hundreds digit of k?
6
Let k be -2*(21/(-9))/((-2)/(-3)). Suppose -10*m + 81 = -k*m. Suppose 25*r - m*r = -76. What is the units digit of r?
8
Suppose 4*a + 14250 = -5*h + 130052, -5*a = -4*h - 144814. What is the hundreds digit of a?
9
Suppose 15 + 65 = 40*d. Let c(t) = -t**3 - 5*t**2 + 5*t - 6. Let f be c(-6). Suppose -d*u + 129 + 147 = f. What is the tens digit of u?
3
Let t(q) = -q**3 + 3*q**2 - 3*q + 5. Let u be t(2). Let k be (u/6)/((-87)/(-30) + -3). What is the tens digit of ((-146)/k)/(30/75)?
7
Let r = 75290 + -46343. What is the units digit of r?
7
Suppose 0 = 2*v - 4*h - 18578, 27882 = 3*v - 22*h + 19*h. What is the hundreds digit of v?
2
Suppose -15*j + 12*j = -6. Suppose p - j*l = 50 + 233, 5*p - 1437 = -l. What is the tens digit of p?
8
Let n = 31 + -27. Suppose 4*g + n*r = 888, -3*g + 5*r = 2*g - 1150. What is the units digit of (-9)/72 + g/16?
4
Suppose -4*p + 5*y - 7 = -2*p, -4*y = -5*p + 8. What is the hundreds digit of (2199/(-6))/((-2)/p)?
7
Let j(b) = -2*b**3 + b**2 + 2*b + 2. Let l be j(-1). Suppose -k - k - l*k = 0. What is the units digit of (-6 + k)*-12 - (-1 - 1)?
4
Suppose 0 = 7*g - 0*g. What is the units digit of (-1)/(4/(-1416)) + g?
4
Let o = -5687 - -15246. What is the tens digit of o?
5
Let h(p) = -2*p - 2. Let q be h(-1). Let z be (-3 - (-2 + q) - 0) + 3. Suppose 4*s - 5*u - 339 = 0, 3*u - 433 = -3*s - z*s. What is the units digit of s?
6
Let j = -65 - -67. Suppose 0 = -j*x + 5*s + 14, -2*s + 2 = x + 2*x. Suppose -280 = -7*k + x*k. What is the tens digit of k?
5
What is the units digit of ((-15)/(-9))/(35/147)*3*349?
9
Suppose -5*b = 28*b - 231. Let h(c) = c**3 - 3*c**2 - 4*c - 34. What is the hundreds digit of h(b)?
1
Let r be 7 + (-1 + -3)/4. Suppose -3*q + 4*i + 60 = -r*q, 5*q - 4*i = -68. What is the tens digit of (2 - 21/6)*q?
2
Let t(m) = -m**3 - 6*m**2 - 5*m - 2. Let o be t(-5). Let h be (-8)/o + -2 + -1. What is the tens digit of 3 + (h - 170/(-2))?
8
Let s(o) = o**2 + 5*o - 6. Let v be -5 + (-7 - -6)*(1 + 0). Let h be s(v). Let m = 90 - h. What is the tens digit of m?
9
Let t be 11/(77/52) - 8/(-14). Let z be ((-1 - -3) + -9 + t)*-1. Let a(o) = -97*o**3 + o**2 - 2*o - 2. What is the tens digit of a(z)?
9
Let a(u) = 9*u**2 + 4*u - 5. Let s(d) = 11*d - 35. Let v be s(3). What is the units digit of a(v)?
3
Let m(i) = -i**2 + 14*i - 40. Let l be m(5). Suppose -l*x - 4*o = -3*x - 522, -3*x = -5*o - 783. What is the tens digit of x?
6
Let x be 20/40 - (1 + (-290)/4). Let i = x + -18. What is the hundreds digit of 929/9 + -1 + i/(-243)?
1
Suppose 182*j = -375*j - 121*j + 11446674. What is the hundreds digit of j?
8
Let b be 31156/8 + 4*15/40. Suppose 0 = -4*i - 4*z + b, -3*i + 23*z = 24*z - 2926. What is the hundreds digit of i?
9
Let i = 1849 + -1089. What is the units digit of i?
0
Let r = 24153 + -3130. What is the units digit of r?
3
What is the hundreds digit of 5704/(-186)*(0 + (0 - 2694))?
6
What is the units digit of ((-21490)/280)/(1/(-232))?
6
Let k = 254 + 58. What is the tens digit of k - (54/(-6) + 0 - -6)?
1
Let l(z) = 59*z**2 + 2*z - 1. Let t be l(-2). Suppose 3*u - 8*u - 5*x - 235 = 0, -5*u - t = x. Let n = 212 + u. What is the units digit of n?
6
Let d = 4890 - 2712. What is the hundreds digit of d?
1
Let n = -25754 + 47930. What is the units digit of n?
6
Suppose -3*z + 73089 = -4*i, 176*z - 179*z = i - 73089. What is the hundreds digit of z?
3
Suppose 131425 = -43*i + 487809 + 409360. What is the tens digit of i?
0
Let a(p) = -p**3 - 22*p**2 + 23*p + 13. Let b be a(-20). Let k = b + 1927. What is the tens digit of k?
8
Suppose 4*x = -x + 7*x - 56256. What is the units digit of x?
8
Suppose 0 = 189*g - 5553106 + 2021742 - 6653279. What is the tens digit of g?
8
Suppose -3*k + 33972 = -5*w, k - 22*w - 11324 = -24*w. What is the tens digit of k?
2
Suppose d + 63 = 4*d. Let v = -109 + d. Let m = v - -210. What is the units digit of m?
2
Let p be (-8)/(-20)*(7 + -2) - -3. Suppose 0*q + p*s + 2850 = 5*q, 0 = s + 4. What is the tens digit of q?
6
Suppose y + 5*g = -3*y + 12, y = 4*g + 3. What is the hundreds digit of (30/6 + 162)*y/3?
1
Let l(u) = 429*u - 33. Let z be l(1). Suppose 26*w = z + 32182. What is the units digit of w?
3
Let t(b) = 3*b**2 - 5*b - 19. Let f(m) = 6*m**2 + 4*m. Let p be f(-1). Suppose 2 = -v, 2*v + 10 = -p*w + w. What is the hundreds digit of t(w)?
1
Let w = -386 + 336. Let g(c) = c**3 + 48*c**2 - 115*c - 45. What is the tens digit of g(w)?
0
Suppose 9*n = 2*n - 266. What is the thousands digit of (-4)/n + 96795/95?
1
Let r = 6 - -2. Suppose -6*a + 34 = -r. Suppose -a*i + 513 = 2*i. What is the units digit of i?
7
Let b(h) = 407*h**2 - 71*h - 17. What is the hundreds digit of b(14)?
7
Let m = -6486 + 8037. What is the thousands digit of m?
1
Let s(g) = g**3 + 8*g**2 + 12*g - 4. Let m be s(-6). Let t be -4 + (-22 - (2 + m)). What is the tens digit of ((-8)/t)/(1/186)?
6
Suppose -59*m - 61092 = -68*m. What is the tens digit of m?
8
Let x(r) = -122*r**3 + 16*r**2 + 10*r - 5. What is the ten thousands digit of x(-6)?
2
Let x be 8/28 + 8/28*-1. Suppose x = -13*h + 5*h + 1912. What is the hundreds digit of h?
2
Let g(n) = 2*n + 2. Let y be g(-7). Let k(v) = -5*v - 53. Let u be k(y). Let a(i) = 13*i - 6. What is the units digit of a(u)?
5
Suppose -h + 15 = 2*v, -2*v - 5*h + 3 + 24 = 0. What is the units digit of (10/(-8))/(v + 3097/(-516))?
5
Let a be (-3 - (-84)/20)/(6/260). What is the hundreds digit of -5 + 52*a/8?
3
Suppose 4*o + 0*o = -2*y + 3714, 2*y = -2. Let l = 239 + o. What is the thousands digit of l?
1
What is the thousands